da
In base 11, what is 104 + 4?
108
In base 5, what is 21 - 10?
11
In base 15, what is 20 + 9?
29
In base 10, what is -9293 + -2?
-9295
In base 8, what is 4 - -61?
65
In base 4, what is 2 - -221?
223
In base 10, what is 3832 - 1?
3831
In base 14, what is -4 + 17?
13
In base 13, what is -5 + -142?
-147
In base 8, what is 0 - -5277?
5277
In base 3, what is -101 + 1102?
1001
In base 4, what is -130 - 11?
-201
In base 14, what is -31 - a6?
-d7
In base 11, what is -846 - -4?
-842
In base 4, what is 3 - 302?
-233
In base 11, what is 2299 - -3?
22a1
In base 3, what is 10 - -201?
211
In base 16, what is 295 + -5?
290
In base 7, what is 60 + -4?
53
In base 10, what is 4536 + -6?
4530
In base 2, what is -111 - -110?
-1
In base 13, what is -53 - -3?
-50
In base 12, what is -5 + -162?
-167
In base 16, what is 93 + 5?
98
In base 3, what is 2010 - 102?
1201
In base 7, what is 324 - 2?
322
In base 10, what is 5 - 499?
-494
In base 6, what is -2 + -230?
-232
In base 9, what is 31 + 2?
33
In base 11, what is -6288 + -4?
-6291
In base 6, what is 1123 + -1?
1122
In base 11, what is -31 - -3?
-29
In base 2, what is 10001 + -1100?
101
In base 13, what is 0 - 1084?
-1084
In base 3, what is 1012 + -1011?
1
In base 10, what is 3 + 693?
696
In base 13, what is -13 + 51?
3b
In base 5, what is 32421 + -10?
32411
In base 11, what is -1 + 39?
38
In base 6, what is 30 - 31?
-1
In base 8, what is -1 + 2060?
2057
In base 7, what is 245 + -10?
235
In base 5, what is -130410 - -4?
-130401
In base 4, what is -11 - -2222?
2211
In base 2, what is 11 + 1010010?
1010101
In base 13, what is -21b + b?
-210
In base 10, what is -482 - 4?
-486
In base 11, what is -152 - 10?
-162
In base 7, what is -12 + -4?
-16
In base 14, what is 1 - -5c?
5d
In base 4, what is 1 - 330?
-323
In base 7, what is -4 + -551?
-555
In base 14, what is 93 - 50?
43
In base 5, what is 30411 - -2?
30413
In base 10, what is -21805 + -1?
-21806
In base 7, what is -2 - 4514?
-4516
In base 2, what is -101 - 101101?
-110010
In base 7, what is -662 + -1?
-663
In base 12, what is 10 - 10?
0
In base 6, what is 1 + -2101?
-2100
In base 10, what is -466 - 3?
-469
In base 15, what is -3 + -17a?
-17d
In base 4, what is -11333 - 1?
-12000
In base 8, what is 1060 + 30?
1110
In base 6, what is -111241 - 5?
-111250
In base 3, what is 1 + 1111?
1112
In base 3, what is 0 - -120111?
120111
In base 4, what is -1 + -1011?
-1012
In base 7, what is 3 - 351?
-345
In base 9, what is 3 + 1785?
1788
In base 13, what is -1 - 692?
-693
In base 10, what is 19167 - 0?
19167
In base 8, what is -4 - -36?
32
In base 2, what is 1100110100 + -1101?
1100100111
In base 2, what is 1010100 - 1110?
1000110
In base 11, what is 113 - 5?
109
In base 14, what is -1332 - -2?
-1330
In base 16, what is -3 - -c?
9
In base 15, what is -3 + 37a?
377
In base 8, what is 3 - 6?
-3
In base 9, what is 111 + 2?
113
In base 12, what is 4 + -1026?
-1022
In base 7, what is -2 - -3151?
3146
In base 16, what is 1 + 85e?
85f
In base 11, what is -31041 - 4?
-31045
In base 13, what is -11 - 67?
-78
In base 2, what is -11 + 10000?
1101
In base 10, what is -2489 + -5?
-2494
In base 3, what is -12 + 100102?
100020
In base 10, what is 1 + 107?
108
In base 13, what is -171 - 4?
-175
In base 4, what is -10101 - 11?
-10112
In base 4, what is -1 + -10323?
-10330
In base 10, what is -15188 + 5?
-15183
In base 2, what is -111011 - -1111?
-101100
In base 15, what is -6 - -104?
ed
In base 4, what is 102020 + -31?
101323
In base 12, what is -600 - 1?
-601
In base 10, what is -100 - -1?
-99
In base 2, what is 10010110 - -10?
10011000
In base 5, what is 303 + -11?
242
In base 16, what is f9 - -f?
108
In base 16, what is c7 + -2b?
9c
In base 12, what is -67 - 4?
-6b
In base 4, what is 2 + 1200?
1202
In base 16, what is -403 + 3?
-400
In base 14, what is 0 + 39?
39
In base 2, what is 100110 + -10000?
10110
In base 6, what is 1 - -51?
52
In base 11, what is 478 - 1?
477
In base 11, what is 1 + 0?
1
In base 8, what is 357 + 14?
373
In base 6, what is 1 + -23225?
-23224
In base 12, what is 13 - 16?
-3
In base 15, what is c6 - -1?
c7
In base 9, what is 3 + 11?
14
In base 16, what is -27 + 0?
-27
In base 4, what is 1 + -3311?
-3310
In base 13, what is 0 + 2a?
2a
In base 8, what is 0 - -1562?
1562
In base 11, what is -49 - -5?
-44
In base 13, what is -10 + -1?
-11
In base 9, what is -3 - -245?
242
In base 15, what is 1 - -21d?
21e
In base 4, what is 13212 + 0?
13212
In base 3, what is 101 + 21121?
21222
In base 2, what is 10101111 - -10?
10110001
In base 14, what is 100 + 0?
100
In base 7, what is 40 - -3?
43
In base 14, what is 2 + 90?
92
In base 13, what is 0 - 42?
-42
In base 11, what is -839 - -9?
-830
In base 12, what is -36a1 + 0?
-36a1
In base 9, what is 13537 + -1?
13536
In base 9, what is 334 + 5?
340
In base 14, what is 0 + 4?
4
In base 13, what is -6a + -1?
-6b
In base 13, what is -21 - 8?
-29
In base 14, what is -8 + -4?
-c
In base 12, what is -13 + -1?
-14
In base 8, what is 6300 + -3?
6275
In base 8, what is 15530 - -1?
15531
In base 16, what is 1c - b?
11
In base 12, what is -86 + 9?
-79
In base 9, what is 13125 - 2?
13123
In base 11, what is 3 + 4a?
52
In base 4, what is -11 + 2032130?
2032113
In base 5, what is 2 + 434?
441
In base 9, what is -13 - 13?
-26
In base 13, what is -305 - 14?
-319
In base 10, what is -1 + -20?
-21
In base 15, what is -243 + -5?
-248
In base 15, what is -2 - 145?
-147
In base 5, what is 2 + 44?
101
In base 12, what is b98 + -5?
b93
In base 9, what is -7 + -77?
-85
In base 9, what is 2 + -5627?
-5625
In base 15, what is -2025 - 2?
-2027
In base 16, what is 4 + 7?
b
In base 4, what is -102 - -321?
213
In base 16, what is -3 - -60?
5d
In base 16, what is 10 + 6c?
7c
In base 8, what is 1070 + -16?
1052
In base 15, what is -68 + 1?
-67
In base 4, what is 0 + 221?
221
In base 8, what is -51 - 1?
-52
In base 11, what is -82 + -15?
-97
In base 6, what is -1 + 101?
100
In base 8, what is -17025 + -5?
-17032
In base 4, what is -1123 - 103?
-1232
In base 4, what is 10033 - 10?
10023
In base 15, what is -2 + -2ec?
-2ee
In base 2, what is -110011 - 10?
-110101
In base 11, what is -5 + 1?
-4
In base 7, what is -36 + 2?
-34
In base 3, what is 101102 + -11?
101021
In base 5, what is -2 - 132?
-134
In base 9, what is -3528 + -3?
-3532
In base 11, what is 0 + 151?
151
In base 5, what is 112244 - 4?
112240
In base 6, what is 2244 + 11?
2255
In base 14, what is -1a + -d?
-29
In base 16, what is 179a + -1?
1799
In base 8, what is -1 + -1023?
-1024
In base 4, what is 3100 + 1?
3101
In base 16, what is 7 - -2b?
32
In base 11, what is -58 + -7?
-64
In base 12, what is 4a34 - -2?
4a36
In base 10, what is 1 + -24?
-23
In base 12, what is -3 + 6b5?
6b2
In base 11, what is -5 + -2404?
-2409
In base 12, what is -500 - -4?
-4b8
In base 14, what is -3 + -d56?
-d59
In base 12, what is 0 - -166?
166
In base 15, what is 1 + ba7?
ba8
In base 9, what is -13 - -25?
12
In base 4, what is 11 - 33?
-22
In base 14, what is 8 - -2?
a
In base 14, what is -38 - 7?
-41
In base 13, what is -7 + -75?
-7c
In base 9, what is -14 - -4?
-10
In base 16, what is 448 + -2?
446
In base 14, what is -1c + -7?
-25
In base 4, what is -10 + -2010?
-2020
In base 10, what is 50 - -206?
256
In base 10, what is 68 - 146?
-78
In base 10, what is 2 - -856?
858
In base 5, what is -31044 + -14?
-31113
In base 3, what is 1001 - 102?
122
In base 4, what is 1302 - 101?
1201
In base 6, what is -1 + -10252?
-10253
In base 9, what is 28 + -332?
-303
In base 14, what is -18 + 3c?
24
In base 13, what is -a + -8c?
-99
In base 14, what is -230 + -5?
-235
In base 11, what is -5738 + -3?
-5740
In base 6, what is -201 + 22?
-135
In base 9, what is -70 + -2?
-72
In base 8, what is -7 + 22?
13
In base 11, what is 5 - 125?
-120
In base 7, what is -151455 - 3?
-151461
In base 2, what is -100 + 1000000?
111100
In base 16, what is 3c - -93?
cf
In base 4, what is -21 - -20?
-1
In base 7, what is 2 + 14?
16
In base 11, what is a2 - 46?
57
In base 2, what is -1110 - 11101?
-101011
In base 15, what is 71 + e?
80
In base 12, what is -21 - -30?
b
In base 2, what is -100 - -100010?
11110
In base 12, what is -3092 + 4?
-308a
In base 9, what is 74 - -4?
78
In base 2, what is -1 - -101100101?
101100100
In base 10, what is 1516 - 0?
1516
In base 1